-3 - -22. Suppose 0 = a - q + 15, -4*a = -5*q + 82 - h. Let y be (-1)/(34/a + 3). Let n(d) = -d - 1. What is n(y)?
5
Let y be 27/12 + (-12)/(-16). Suppose 11 - 1 = 5*l. Let c(a) = -2*a**l + 4 - a + 0*a**3 - a**2 + a**3. What is c(y)?
1
Let y(m) = 8 - 5*m - 18*m**3 + 4*m + 17*m**3 + 9*m**2. What is y(9)?
-1
Let j(q) be the first derivative of -q**3/3 + 5*q**2/2 - 2*q - 4. Give j(5).
-2
Let h(f) = f + 13. Let v = 4 - 4. Calculate h(v).
13
Suppose -5*z + 10 = -5*t, 3*t = -z + 7*t - 4. Let o(c) be the second derivative of 1/20*c**5 + 0*c**2 + 0*c**z + 0 + 1/6*c**3 - c. Give o(1).
2
Let f(o) be the first derivative of o**3/3 - 3*o**2 - 3*o - 2. Let x be (9/(-4))/((-9)/24). Give f(x).
-3
Let u(o) = -6*o + 15. Let g be u(4). Let l(f) = -f**2 - 11*f - 5. Determine l(g).
13
Let v(n) = 3*n - 7. Let l(a) = -a. Let i(g) = 4*l(g) + v(g). Let m = -21 + 13. Let d be 0/(-3*m/(-12)). Give i(d).
-7
Let m(g) = 2*g + 5. Let b(h) = -3*h - 4. Let q(y) = 3*b(y) + 4*m(y). Calculate q(0).
8
Let l = -99 + 104. Let w(y) = y**2 - 4*y + 2. Give w(l).
7
Let c(n) = -27*n. Let j(m) = -5*m. Let o(h) = 2*c(h) - 11*j(h). Let q be (-3)/2*(2 + 0). Give o(q).
-3
Let u(p) be the second derivative of p**3/6 - 2*p**2 + 9*p. Determine u(2).
-2
Let z be ((-6)/15)/2*-5. Let r(v) = -4*v**3 + v. Calculate r(z).
-3
Let h be 2 + (-5)/1 + 3. Let f(v) be the third derivative of 0*v**3 - 1/120*v**6 + 1/10*v**5 + v**2 - 5/24*v**4 + h + 0*v. Determine f(5).
0
Let x(s) = -6*s - 54. Let a be x(-10). Let y(w) = -w**2 + 5*w - 6. What is y(a)?
-12
Let g(q) = q - 1. Let c(w) = -5*w**2 + w**2 + 2*w**2 + 8 - 1. Let h(r) = -c(r) - 3*g(r). Calculate h(3).
5
Let r(z) be the first derivative of 7*z**3/3 + z**2/2 + 2*z - 41. What is r(-2)?
28
Let j(a) be the third derivative of a**5/60 - 3*a**4/8 + 2*a**3/3 - 8*a**2. Give j(6).
-14
Let p(y) be the third derivative of -1/24*y**4 + 0 + 0*y**3 + 3*y**2 - 1/240*y**6 - 1/30*y**5 + 0*y. Let n(m) be the second derivative of p(m). Determine n(-5).
11
Let q = -16 + 12. Let z(b) = 2*b - 3. What is z(q)?
-11
Suppose -x = 4*x - 15. Let m(u) = -26*u**3 + 25*u**3 + 4*u**2 + 3 + x*u - 5*u. Determine m(4).
-5
Let b(t) = 5*t**2 + 11*t - 2. Let o(j) = -3*j**2 - 5*j + 1. Let v(r) = -4*b(r) - 7*o(r). Calculate v(6).
-17
Let r be (12/(-10))/((-4)/10). Let x(p) = p**3 - p**2 - 2*p - 2. Give x(r).
10
Let a(j) = j**3. Let f(m) = 3*m**3 + 3. Suppose 4 = 2*l - 4. Let x(n) = l*a(n) - f(n). Let q(r) = -r**3 - 2*r**2 - r - 2. Let k be q(-2). What is x(k)?
-3
Let k(z) be the third derivative of z**5/60 + z**4/3 + 2*z**3 + 45*z**2. Give k(-9).
21
Let p(y) be the second derivative of 0 - 2*y + 0*y**4 + 3/2*y**2 + 1/10*y**5 - 2/3*y**3. What is p(2)?
11
Let v(o) be the first derivative of -o**4/12 + 2*o**3/3 - 7*o**2/2 - 2*o - 7. Let u(t) be the first derivative of v(t). Determine u(5).
-12
Let w(u) be the third derivative of u**4/6 + u**3/3 + 13*u**2. What is w(-2)?
-6
Let f(v) = 6*v**3 - 2*v + 1. Let k be f(1). Let x(m) = -m + 1. Let j(i) = -5*i + 4. Let z(d) = -j(d) + 4*x(d). Calculate z(k).
5
Let q be (-2)/6 + 1/3. Let b = q + 1. Let o(s) = -s**2 + 2. Let m(x) = -2*x**2 - 5. Let r(l) = m(l) + 3*o(l). Determine r(b).
-4
Let g(p) be the second derivative of p**4/12 - 7*p**3/6 - 5*p**2 - 14*p. Determine g(8).
-2
Let h(x) be the first derivative of x**3/3 - 7*x**2/2 + 5*x + 2. Determine h(4).
-7
Let v be 0/(-3) - (3 + -6). Let n(o) = -o**3 - o**2 - o + 1. Let d(h) = 4*h**2 + 3. Let m(y) = -d(y) - n(y). Let c be m(v). Let a(j) = -2*j. Determine a(c).
2
Suppose b - 2*l = 0, -8*b - 4*l = -3*b - 28. Let v(o) = b*o - 2*o**2 - o + o**2 + 4 + 0*o**2. Determine v(5).
-6
Suppose -28 + 148 = 5*x. Suppose x - 4 = 4*m. Let f(w) = -3 - 5*w**2 + w**3 + 3*w - 3*w. Determine f(m).
-3
Let g(s) = -s - 4. Let f(m) = -m + 9. Let t be f(16). What is g(t)?
3
Suppose -3*q - 3 = n + 1, 5*n = q + 12. Let u = n + -5. Let l(r) be the second derivative of r**4/12 - r**3/6 - 2*r**2 - r. Calculate l(u).
8
Suppose 3*m - 4*m + t = 0, 3*m + 2*t = 0. Let u(r) = -r**2 + r + 27. What is u(m)?
27
Suppose -5*h - 9 + 24 = 0. Let a(o) = -o + 4. Let z be a(h). Let n(x) = -x**2 - 1 + 5*x**3 + 2*x + 0*x**3 + 2*x**3. Calculate n(z).
7
Let z(b) = 15*b**3 - 7*b**2 - 9*b - 2. Let p(u) = -7*u**3 + 3*u**2 + 4*u + 1. Let l(v) = 5*p(v) + 2*z(v). Suppose 2 - 1 = -i. What is l(i)?
5
Let u(c) = 16*c**2 - 4. Let x(a) = -3*a**2 + 1. Let k(f) = f**3 - 8*f**2 - 11. Let y = 7 - -1. Let s be k(y). Let m(g) = s*x(g) - 2*u(g). What is m(-4)?
13
Suppose 0*m = -5*m + 15. Suppose 0 = -m*z - 2*z + 15. Let f(j) = 0*j**2 + j**3 - 5*j - 3 + 6*j**2 - 2*j**z. What is f(4)?
9
Let q be (-2)/(-11) + 126/33. Suppose 2*j - 4*w + 6 = q, -2*j - 14 = 2*w. Let a(p) = p**2 + 6*p + 4. Calculate a(j).
-1
Let j(g) = 3*g - 7. Let k(b) = -b + 2. Let a(x) = 3*j(x) + 8*k(x). What is a(0)?
-5
Let j(v) = v**3 + 4*v**2 + 3*v. Let z = -4 + 6. Suppose -4*g - 2*r = z*r - 12, 3*g = -2*r + 4. Let q be 1 - (g/(-1) - -1). Determine j(q).
2
Let a(u) = -2*u + 4. Suppose -48 = -5*l - 3. Suppose -2*f + 3 - 6 = -3*m, -l = -4*f + m. Give a(f).
-2
Let c be (-2 - -1*1) + -1. Suppose 8*w - 10 = 3*w + 4*q, -2*q = -10. Let f(k) = 0*k + 1 + 2 - w - 3*k. Give f(c).
3
Let u(h) be the second derivative of 9/20*h**5 - 1/12*h**4 - 1/6*h**3 + 0 + h - 1/2*h**2. Determine u(-1).
-10
Suppose 3*v - 16 = -13. Let p(b) = 2*b**3 - b**2 + b. Calculate p(v).
2
Let s(f) = f**2 - f + 2. Let k(q) = -4*q - 1. Let n be k(-1). Let p = n - -1. Suppose 4*r = -m - p, 2*r = 2*m + m + 12. Calculate s(r).
2
Let v(l) = l**3 - l**2 + l. Let u = -20 - -20. Calculate v(u).
0
Let k be -5 - 2 - -1 - -2. Let t(j) = -j**3 - 4*j**2 - 3*j - 3. Determine t(k).
9
Let x(d) = d**3 + 5*d**2 + 4*d + 6. Let u = -10 + 5. Determine x(u).
-14
Let g(d) be the first derivative of 8*d**3/3 - d**2/2 - 13. What is g(1)?
7
Suppose 0 = 5*q - 5*n, 4*n - 2*n = q + 5. Let k(v) = v**3 - 6*v**2 + 6*v - 2. Give k(q).
3
Let w(t) = 2*t**2 + 5. Let h(l) = -7*l**2 - 14. Let u(p) = 6*h(p) + 17*w(p). Determine u(1).
-7
Let i(l) = 2*l**2 + 3*l + 2. Suppose 5*q + 12 = 47. Let p = 19 + -28. Let m = q + p. What is i(m)?
4
Let w(f) = -f**3 - f**2 - f + 3. Let i be 9/(-5) + (-1)/5. Let g be 0 + (6 + i)/(-2). Let a = -2 - g. Calculate w(a).
3
Let t(j) = j**2 - 6*j. Let i be t(6). Let z(w) = w**2 - 2*w + i*w**2 - 3*w. Let b be z(5). Let q(p) = -p + 3. Determine q(b).
3
Suppose -4*p - 5*a + 1 = -10, 0 = 3*a + 3. Let s(z) be the first derivative of z**3 - 2 + 1/2*z**p + 3/2*z**2 + 3*z. What is s(-2)?
-7
Suppose -10*s - 83*s = -93. Let g be (2 + -1)/(1/3). Let b(a) = g + 0 - 4 - 6*a. What is b(s)?
-7
Let i(d) = -2 - 4*d**2 + 3 + 6*d - 3. Let v(q) = -q**2 + q. Let z(o) = -i(o) + 3*v(o). Give z(4).
6
Let m(j) = -j - 4. Let f = 34 - 5. Let u = f - 19. Let n be ((-2)/(-4))/(1/u). Give m(n).
-9
Let c(g) = 4*g**3 + g. Let i be 0/(1 - (0 - 2)). Suppose 4*n - 2*s + i*s - 10 = 0, s = -3. Let w be c(n). Let y(p) = 3*p - 7. What is y(w)?
8
Let v(r) = -r**2 + 3*r + 3. Let g be v(3). Suppose 0 = m - 3 + 1. Let j(b) = -b**3 - g + 3 - 5*b**m - b. Calculate j(-5).
5
Let l(k) be the third derivative of k**6/120 - k**4/24 + 3*k**2. Let y be 3/5 + (-32)/20. Give l(y).
0
Let k(d) be the first derivative of d**4/24 + 2*d**2 - 9. Let h(t) be the second derivative of k(t). Give h(2).
2
Let q(a) = a - 3. Suppose 8*h - 24 = 4*h. What is q(h)?
3
Let u(z) = -2 - z**2 - 2*z**3 + z**3 + 3. Suppose -2*a = a - 3. What is u(a)?
-1
Suppose 20 = -p - 5*o, 5*p - 3*o = -9 - 7. Let q(b) be the second derivative of -b**3/6 + b**2/2 + b. What is q(p)?
6
Let b(i) = -3*i**2 - i + 2. Let l(w) = 7*w**2 + 2*w - 5. Let c(r) = -15*b(r) - 6*l(r). What is c(-2)?
6
Let w(a) be the second derivative of 0 + 1/2*a**3 + 2*a - 1/6*a**4 + a**2. Calculate w(3).
-7
Let r(z) = -z**3 + 6*z**2 - 8*z - 2. Let i(x) = -x**3 + 6*x**2 - 9*x - 3. Let p(d) = -3*i(d) + 4*r(d). What is p(5)?
1
Let s be 1505/280 - 3/8. Let c(r) be the second derivative of r**5/20 - r**4/2 + r**3 - 2*r**2 - r. Give c(s).
1
Let s = 5 - 0. Let c = s + -9. Let h(x) be the third derivative of -x**6/120 - x**5/20 + x**4/12 + 5*x**2. Calculate h(c).
8
Let u be (-5 - 3)/(-4) - 0. Suppose -3*z + u + 7 = 0. Let b(t) = -t + 7. Give b(z).
4
Suppose -5*u = -k + 5 + 3, 4*u - 32 = 4*k. Let i be 17/4 - (-3)/k. Suppose -3*a + 10 = -5*w, -2 - 2 = i*a + 2*w. Let y(c) = c**2